te number?
True
Suppose -2*j = 5*k - 964, 3 = -4*j + 11. Let h be (0 - 1)*3 + 1051. Suppose k = t - 3*f - 58, -4*t + h = 4*f. Is t prime?
False
Let l be ((-140)/1)/(-1 - (1 - 0)). Suppose -l = -2*p + 1684. Is p a prime number?
True
Suppose -34647 = -14*t + 214315. Let i = -4576 + t. Is i composite?
True
Let o = 12706 - 8544. Is o a composite number?
True
Let c = -34 + 258. Let f = 2775 + c. Is f a composite number?
False
Let l = 186 + -42. Suppose -7*w + l = -3*w. Is ((-74)/(-6))/(12/w) a composite number?
False
Let n(z) = 22333*z + 2236. Is n(7) prime?
True
Let r = 284765 + -188184. Is r a composite number?
False
Is (-3)/9*(-32970 - 27) a prime number?
False
Let p(y) = 622*y**2 + 14*y - 403. Is p(-29) a prime number?
False
Let m = 1381996 + -33569. Is m a prime number?
True
Let c(g) = 30*g**3 + 11*g**2 + g + 35. Is c(9) prime?
False
Suppose 3274 = 2*w + i, i - 1651 = -w + 4*i. Let y = 70 + w. Is y composite?
False
Let w = -340 + 344. Suppose 636 = w*q - 4*j, 481 = 3*q - 4*j - j. Is q a composite number?
False
Let t(r) = 9*r - 261. Let s be t(29). Let m be (-2)/(-4) - (-18)/4. Suppose m*v + 437 - 6652 = s. Is v composite?
True
Is ((-35345)/(-15))/(110/15 - 7) a composite number?
False
Suppose o = 5*f - 17, o = -0*f - 5*f + 23. Let h(i) = 2*i**o + 152 - 159 + i - 3*i - 3*i + 7*i**2. Is h(5) a prime number?
False
Let m(f) = -f**2 - 4*f + 2. Suppose -7*g = -4*g + 15. Let k be m(g). Is (2/k)/(19/(-7467)) prime?
False
Let i = 21136 - 10291. Suppose -9665 = -10*p + i. Is p a composite number?
True
Let j(b) = 109*b**2 - 65*b - 1195. Is j(57) a composite number?
False
Suppose 3 = -6*p + 315. Let i(q) = -2 + 0*q - p*q**2 + 2*q + 97*q**2. Is i(-3) composite?
False
Suppose -m + 2642 = 4*p - 709, -2*p + m = -1683. Is p composite?
False
Let r = -951822 - -1367291. Is r composite?
False
Suppose -78252 = -4*g + 122*i - 126*i, -2*g + 39120 = -4*i. Is g composite?
True
Let v(f) be the third derivative of -2227*f**4/24 - 43*f**3/6 + 98*f**2. Is v(-2) a prime number?
False
Suppose 4*k = -3*o + 28, 0*o + 5*o - 36 = -4*k. Suppose 0 = 5*v - k*n - 11681, -n = -2*v + 4036 + 634. Is v composite?
False
Suppose s = -4*w - 2682840, 2*w + 17*s + 1341420 = 14*s. Is 10/(-105) + w/(-126) prime?
True
Suppose 5*p + 125129 = 3*y, 4*y + p = -0*y + 166808. Is y prime?
False
Suppose 2*a + 2*g = 6, a - 27 = -4*a + g. Is -3 - ((11 + -6)/a - 31961) a prime number?
True
Suppose -712179 = -15*f + 3536016. Is f a composite number?
True
Let x(v) = v**2 - 4*v + 6. Let k be (-54)/81 - (1 + (-14)/3). Let f be x(k). Suppose -f*h + 1255 = -224. Is h a prime number?
False
Let r = -114 + 121. Suppose -r*y = -4564 - 28413. Is y a composite number?
True
Suppose 22*d = d - 208278. Let h = d + 19835. Is h prime?
False
Let r(n) = 653*n + 9. Let m(l) = -l**2 + 6*l - 3. Let o be m(4). Is r(o) prime?
False
Let t = -528 + 93. Let m be t/(-18) - ((-5)/6 + 1). Suppose 0 = 25*y - m*y - 145. Is y a prime number?
False
Let x be (2/(-8)*-6)/(126/(-336)). Let r(s) = 339*s + 5. Let o(w) = -w + 1. Let t(g) = 2*o(g) - r(g). Is t(x) composite?
False
Suppose 0 = -30*y - 48*y + 14*y + 40416448. Is y prime?
True
Let i be 1 - 38229/5 - 12/60. Is 0/1 - 6 - i prime?
True
Let k(f) = f**2 - 11*f + 21. Let l be k(2). Suppose 6*t + 12040 = c + 3*t, -l*t = -2*c + 24089. Is c a prime number?
True
Suppose 6308349 = -78587*f + 78590*f. Is f prime?
True
Let h(w) be the second derivative of w**4/4 + 7*w**3/2 + 47*w**2/2 - 9*w. Suppose -27 = 3*z + 21. Is h(z) prime?
True
Let a(t) be the second derivative of -t**5/20 - t**4/3 - t**3/6 + 5*t**2/2 - 14*t. Let w be a(-7). Suppose 6*n = 9*n - w. Is n prime?
True
Is 9/(-6) - ((-2625)/(-70))/((-3)/7057) prime?
True
Let g(c) = 285*c**2 - 268*c - 31. Is g(-32) a prime number?
False
Let d = -433295 + 620994. Is d a prime number?
True
Let m(w) = -4 - 87*w**3 - 285*w**3 - 318*w**3 - 10*w**2 - w. Is m(-3) prime?
True
Let c(g) = 4*g - 9 + 289*g**3 + 15*g**2 - g**2 - 15*g**2. Is c(2) prime?
False
Let g be -5 + 160/30 + (-2974)/(-6). Suppose g*t = 493*t + 112137. Is t a composite number?
False
Let b(p) = 1172*p**2 - 9*p + 102. Let g be b(13). Suppose g = 8*v + 12781. Is v a composite number?
False
Let h(q) = q**3 + 4*q**2 + q - 11. Let p be h(-6). Let d = 54 + p. Is (-14)/d + 19666/10 composite?
True
Let o = -385237 - -800924. Is o a composite number?
False
Let n = -95926 - -262858. Suppose 17*w - 5*w = n. Is w prime?
False
Is 316011*((-209)/(-33) + -6 + 0) prime?
True
Let y(n) be the second derivative of -161*n**3/6 - 6*n**2 + 1740*n. Let h be (-1)/(-2) - 19/2. Is y(h) a prime number?
False
Let d = -399 - -393. Is (d/(-12))/((-5)/14900*-2) a prime number?
False
Suppose -23*h - 17*h + 1840169 = -21*h. Is h a prime number?
True
Suppose 0 = 2*c - 4*a - 78526, 2*c - 3*a - 79705 + 1176 = 0. Is c a prime number?
False
Suppose 111*k - 123*k + 84 = 0. Is 3 + 3 + 3555 + (3 - k) a prime number?
True
Let v(d) be the third derivative of 0*d + 1/10*d**5 + 0 + 17/24*d**4 - 7/6*d**3 + 14*d**2. Is v(12) prime?
True
Suppose 0 = -20*p + 165*p - 14341515. Is p composite?
True
Let m(p) = 454*p + 107833. Is m(0) a prime number?
False
Suppose 4*x - 24 = -4*j, 2*x + 0 = -5*j + 3. Let m be 4182 - (12/(-7))/(12/(-42)). Suppose x*a - m - 26487 = 0. Is a a composite number?
False
Let g(y) = 25*y**2 + 5*y + 7. Let q(d) = 25*d**2 + 4*d + 8. Let a(h) = -3*g(h) + 4*q(h). Is a(10) a composite number?
False
Suppose -819 = 13*m - 0*m. Let i = 68 + m. Suppose 4*p = -5*o + 6983, 4*o + 8*p = i*p + 5587. Is o prime?
True
Let w be 3/(-4)*4 + -3. Is w/10 + 3 + (-79015)/(-25) composite?
False
Let f = 286 - -87. Let y = 673 + f. Let x = 2113 - y. Is x a prime number?
False
Let l = 2522 - 1784. Suppose s - 753 = 3*o, 3*o - 6*s + 960 = 207. Let a = l + o. Is a a composite number?
False
Is 90/36*(-440476)/(-10) composite?
False
Let h(x) = 59*x**2 + 4*x - 157. Is h(-38) a prime number?
False
Suppose -4*h = -5*z + h + 105, 42 = 2*z + 3*h. Suppose z*t = 5427 + 12864. Is t a prime number?
False
Let t(j) = 30*j**2 + 35*j + 9. Suppose -35*u = -42*u + 56. Is t(u) a prime number?
False
Let s(d) = -3396*d + 7119. Is s(-20) a prime number?
False
Is 4343140/8*-2*14/(1 - 15) prime?
False
Let u(m) = m**3 - 15*m**2 + 4*m + 8. Let y(g) = g**3 - 14*g**2 + 5*g + 7. Let x(s) = -2*u(s) + 3*y(s). Let a be x(14). Let i = 848 + a. Is i a prime number?
False
Let m be 3*207 - (6 + -11). Let l = m + 75. Is l a composite number?
False
Let i(v) = v**3 + 10*v**2 - 10*v + 12. Let l be i(-11). Suppose -l = -5*r + 4. Is r/(3/(-447))*-7 a composite number?
True
Let z be 0 + 250 + 4*(-2)/4. Suppose z = 4*p - 348. Is p a prime number?
True
Let n(f) = f**2 + 5*f + 6. Let u be n(-2). Suppose 4*b = 7*s - 5*s - 29198, 4*s - 5*b - 58384 = u. Is s a prime number?
True
Let c be (8/12)/((-16)/102264). Let f = -4183 + 2501. Let o = f - c. Is o a prime number?
True
Suppose -3*n - 5*m + 35 = 2*n, 3*m - 6 = 0. Let h be 223*-1 + (5 - (n + -2)). Let j = h + 362. Is j prime?
False
Let p be 10/(-2) + (-2 - -3). Let t(o) = -o**3 - 5*o**2 - o + 6. Let v be t(p). Is (2 + -120)*21/v a composite number?
True
Let o be 2490*(-4)/(-12)*1. Suppose -o*b + 834*b - 8824 = 0. Is b a prime number?
False
Suppose 5*m = 3*i + 286552, -10*m - i + 286556 = -5*m. Is m a prime number?
False
Suppose -2*p = -0*p - 1342. Suppose 2*b + 3*w - 1197 = 0, p = b + 2*w + 72. Is b a composite number?
True
Let b(d) = -d**2 + 10*d + 18. Let w be b(12). Let l be (3*-159)/(7/((-56)/w)). Let c = l - -1157. Is c composite?
False
Let z = -3159 + 4832. Is z a prime number?
False
Let t(k) be the first derivative of -k**4/4 + 22*k**3/3 + 12*k**2 - 20*k + 1. Let w be t(23). Suppose w*q + 223 = 4*q. Is q prime?
True
Suppose -51*k + 18968835 - 12091754 + 17377550 = 0. Is k a prime number?
False
Let j be (-591900)/780 - (2 + (-24)/13). Let q(g) = -657*g - 2. Let s be q(-2). Let o = s + j. Is o prime?
False
Suppose -s + 5*r = 18, -4*s + 27 = 4*r - 21. Suppose -s*c + 0*c = -33187. Is c a composite number?
True
Let h(n) = -144*n - 1. Let z(o) = -5 + 4*o + 2*o + 0*o - 5*o. Let u be z(-3). Is h(u) prime?
True
Let m(j) = -19*j**3 + j - 5 - 5*j**2 + 2*j + 2*j**2. Suppose -4*n + 4*p - 22 = -2, 2*p - 2 = 0. Is m(n) prime?
True
Let u(k) = k**3 + 6*k**2 - 7*k - 5. Let s be u(-8). Suppose -49 + 53 = 2*p. Let j = p - s. Is j prime?
True
Let 